lse
Is 231 a factor of 23331?
True
Is 555919 a multiple of 91?
True
Is 104 a factor of 5159278?
False
Does 225 divide 175500?
True
Does 11 divide 332816?
True
Is 1248810 a multiple of 19?
False
Is 374 a factor of 217749?
False
Is 18318 a multiple of 71?
True
Is 15 a factor of 359100?
True
Is 9 a factor of 579897?
True
Does 628 divide 94828?
True
Does 742 divide 1978675?
False
Is 381814 a multiple of 12?
False
Is 35 a factor of 40075?
True
Is 25 a factor of 395823?
False
Is 121540 a multiple of 15?
False
Is 895576 a multiple of 44?
True
Does 15 divide 485875?
False
Is 5392344 a multiple of 249?
True
Does 684 divide 1095768?
True
Is 24 a factor of 5617224?
True
Is 11 a factor of 650309?
True
Does 27 divide 1040289?
False
Is 469 a factor of 446488?
True
Is 18 a factor of 100278?
True
Does 15 divide 3745905?
True
Is 2445 a factor of 9843570?
True
Is 36020 a multiple of 30?
False
Does 375 divide 196125?
True
Does 74 divide 4894434?
True
Is 2930281 a multiple of 179?
False
Does 157 divide 5062774?
False
Is 124 a factor of 182222?
False
Is 7 a factor of 71694?
True
Is 18 a factor of 13244?
False
Is 156633 a multiple of 6?
False
Is 604 a factor of 773724?
True
Is 1017 a factor of 5251788?
True
Does 1461 divide 13800606?
True
Is 9 a factor of 243423?
True
Is 134508 a multiple of 132?
True
Is 3034655 a multiple of 10?
False
Does 14 divide 11874814?
True
Does 1098 divide 1813835?
False
Does 201 divide 452640?
False
Is 5 a factor of 70130?
True
Is 487450 a multiple of 166?
False
Does 77 divide 584060?
False
Is 602416 a multiple of 28?
False
Does 71 divide 336469?
True
Is 874946 a multiple of 19?
False
Does 16 divide 17207395?
False
Is 37 a factor of 14046754?
True
Does 6 divide 280410?
True
Is 16 a factor of 831215?
False
Is 1830901 a multiple of 27?
False
Does 256 divide 6781184?
True
Is 5 a factor of 83935?
True
Is 22703 a multiple of 11?
False
Is 93840 a multiple of 7?
False
Does 66 divide 273636?
True
Is 43 a factor of 42339?
False
Is 4 a factor of 2952860?
True
Does 1080 divide 2743200?
True
Is 1121995 a multiple of 20?
False
Does 161 divide 82351?
False
Is 235350 a multiple of 408?
False
Is 77 a factor of 441615?
False
Does 72 divide 870840?
True
Is 21 a factor of 150516?
False
Does 48 divide 540000?
True
Is 44 a factor of 270072?
True
Does 5 divide 54880?
True
Does 150 divide 377400?
True
Does 64 divide 1939023?
False
Is 151 a factor of 479951?
False
Is 27446184 a multiple of 342?
True
Does 712 divide 1547849?
False
Does 17 divide 264461?
False
Is 189832 a multiple of 122?
True
Is 429 a factor of 2370260?
False
Is 10 a factor of 1027570?
True
Is 327 a factor of 913638?
True
Is 6142740 a multiple of 1574?
False
Does 34 divide 499698?
True
Does 186 divide 1033044?
True
Is 72 a factor of 18792?
True
Is 8 a factor of 4488729?
False
Is 494499 a multiple of 11?
False
Does 13 divide 1140285?
False
Is 2181830 a multiple of 96?
False
Is 11174985 a multiple of 364?
False
Is 29 a factor of 149197?
False
Is 11260 a multiple of 73?
False
Is 1134360 a multiple of 1035?
True
Does 24 divide 2892?
False
Does 63 divide 2334969?
True
Is 31794800 a multiple of 434?
False
Is 323 a factor of 229330?
True
Does 23 divide 1877237?
True
Is 247598 a multiple of 89?
True
Is 274102 a multiple of 62?
True
Does 269 divide 2684082?
True
Does 99 divide 108405?
True
Is 26 a factor of 461578?
True
Does 8 divide 52312?
True
Is 5299711 a multiple of 1214?
False
Is 197 a factor of 394?
True
Is 81 a factor of 2433675?
False
Is 665 a factor of 568903?
False
Is 63344 a multiple of 37?
True
Is 3046836 a multiple of 12?
True
Is 9 a factor of 2440242?
True
Does 486 divide 2876272?
False
Does 105 divide 1034880?
True
Is 10948 a multiple of 92?
True
Is 139948 even?
True
Is 7997965 a multiple of 74?
False
Is 352755 a multiple of 871?
True
Does 59 divide 59929?
False
Is 1682304 a multiple of 104?
True
Is 46 a factor of 53048?
False
Is 250 a factor of 2590642?
False
Is 294705 a multiple of 45?
True
Is 8 a factor of 9344922?
False
Is 1055262 a multiple of 326?
True
Is 580 a factor of 388531?
False
Is 11 a factor of 60379?
True
Is 7 a factor of 6135?
False
Is 15 a factor of 307995?
True
Is 1310778 a multiple of 15?
False
Is 19159 a multiple of 58?
False
Does 5 divide 42132?
False
Does 44 divide 212104?
False
Is 279105 a multiple of 69?
True
Is 3 a factor of 249377?
False
Is 1889706 a multiple of 546?
True
Does 11 divide 6569310?
True
Is 597500 a multiple of 317?
False
Does 7 divide 339280?
False
Is 85877 a multiple of 407?
True
Is 209 a factor of 2329096?
True
Is 118 a factor of 201662?
True
Is 154 a factor of 764561?
False
Is 479376 a multiple of 5?
False
Is 3 a factor of 872757?
True
Is 370552 a multiple of 182?
True
Is 4252185 a multiple of 66?
False
Does 23 divide 59570?
True
Is 3 a factor of 161303?
False
Does 141 divide 226305?
True
Does 310 divide 5811570?
True
Is 13 a factor of 2384455?
False
Is 97674 a multiple of 14?
False
Does 307 divide 8998170?
True
Does 45 divide 9810?
True
Does 124 divide 2604690?
False
Is 6726168 a multiple of 307?
False
Is 315392 a multiple of 154?
True
Is 1339595 a multiple of 27?
False
Is 73 a factor of 363223?
False
Is 63 a factor of 576543?
False
Is 103 a factor of 982678?
False
Does 21 divide 199626?
True
Is 2 a factor of 33233?
False
Is 55 a factor of 8662625?
False
Is 17 a factor of 34442?
True
Does 22 divide 1569238?
True
Is 16 a factor of 33616?
True
Is 468152 a multiple of 278?
True
Is 72416 a multiple of 21?
False
Does 33 divide 1152228?
True
Is 41 a factor of 229785?
False
Is 34 a factor of 775438?
True
Is 6141414 a multiple of 46?
True
Is 25 a factor of 4200?
True
Is 169 a multiple of 3?
False
Does 13 divide 310128?
True
Is 1253200 a multiple of 20?
True
Does 25 divide 331175?
True
Does 39 divide 157872?
True
Is 137 a factor of 109885?
False
Is 283 a factor of 669539?
False
Is 274 a factor of 249066?
True
Is 87963 a multiple of 109?
True
Is 398 a factor of 865252?
True
Is 6 a factor of 182232?
True
Does 365 divide 435040?
False
Is 3 a factor of 1956?
True
Is 1172335 a multiple of 53?
False
Does 5 divide 684368?
False
Does 1404 divide 9081072?
True
Is 125 a factor of 373853?
False
Is 111 a factor of 1410810?
True
Is 2719002 a multiple of 858?
True
Is 1304614 a multiple of 63?
False
Is 6614179 a multiple of 299?
True
Is 7124839 a multiple of 20?
False
Is 6480110 a multiple of 910?
True
Is 1088 a factor of 13462399?
False
Does 8 divide 2665784?
True
Does 4 divide 149282?
False
Is 11 a factor of 302360?
False
Does 24 divide 201648?
True
Does 34 divide 40965?
False
Is 474608 a multiple of 18?
False
Does 61 divide 3017131?
False
Does 45 divide 66431?
False
Does 547 divide 72751?
True
Does 21 divide 143196?
False
Is 95 a factor of 240904?
False
Is 497466 a multiple of 174?
True
Is 24 a factor of 24863962?
False
Does 4 divide 217878?
False
Does 19 divide 914546?
True
Does 47 divide 4920665?
True
Is 14 a factor of 157302?
False
Is 1683323 a multiple of 36?
False
Is 157 a factor of 1065245?
True
Is 283050 a multiple of 30?
True
Does 80 divide 21120?
True
Is 18 a factor of 197324?
False
Is 115840 a multiple of 96?
False
Is 142 a factor of 69762?
False
Is 194 a factor of 110386?
True
Is 23 a factor of 33138?
False
Is 23 a factor of 1106541?
False
Is 92621 a multiple of 237?
False
Does 6 divide 20652?
True
Is 35 a factor of 84700?
True
Is 97 a factor of 1362850?
True
Does 11 divide 5052?
False
Does 508 divide 4225544?
True
Does 285 divide 2797868?
False
Is 573 a factor of 48085?
False
Does 9 divide 16461?
True
Is 309510 a multiple of 246?
False
Is 44017 a multiple of 153?
False
Is 530250 a multiple of 54?
False
Does 7 divide 2575465?
False
Is 447780 a multiple of 204?
True
Is 12 a factor of 75096?
True
Is 171 a factor of 2737710?
True
Does 4 divide 1265523?
False
Is 36 a factor of 398484?
True
Is 16660 a multiple of 32?
False
Is 13 a factor of 7194980?
True
Does 263 divide 8948461?
False
Is 24 a factor of 57074?
False
Does 30 divide 11925?
False
Does 79 divide 4223270?
False
Is 723832 a multiple of 346?
True
Is 286 a factor of 1775853?
False
Is 16185 a multiple of 4?
False
Does 289 divide 1020872?
False
Is 80352 a multiple of 216?
True
Is 144 a factor of 7041600?
True
Is 304210 a multiple of 58?
True
Is 30 a factor of 1900692?
False
Is 87 a factor of 106406?
F